uppose -11*y = -13*y - i. Let x(m) = -2*m + 2. Let a be x(y). What is w(a)?
9
Let h(c) = 10*c + 291. Let f be h(-29). Let w(s) be the first derivative of -25*s**4/4 - s**3/3 + s**2/2 + 77. Give w(f).
-25
Let u = 8 - 16. Let h(k) = -4*k - 2360 - 2366 + 7085 - 2366. What is h(u)?
25
Let j(y) = y**3 - 22*y**2 - 403*y - 178. Let r be j(34). Let w(v) = -v**3 - 7*v**2 + 6*v - 44. Give w(r).
-28
Let c(z) = z + 1. Let o(x) = -5*x**2 + 11*x + 10. Let p be o(3). Let r be -1*(-2 - (-1 + 0)). Let f(a) = 3*a - 8. Let t(k) = p*c(k) + r*f(k). Calculate t(5).
-5
Let v(k) = k**2 - 26*k - 51. Let f(u) = -3*u**2 + 78*u + 150. Let q(i) = 2*f(i) + 7*v(i). What is q(28)?
-1
Let i(x) = x**2 - 13*x - 45. Let o be (-25)/(-2) - (-19)/(152/12). Calculate i(o).
-31
Let d be -3*7/126*0. Let y(w) be the second derivative of 1/20*w**5 + 4*w**2 + 0*w**3 - 2*w + 0 + 1/12*w**4. Determine y(d).
8
Let v(r) = -5*r + 56. Let y(s) = 4*s - 34. Let q(g) = 3*v(g) + 5*y(g). Suppose -4*p + 2 - 18 = j, 2*p + 22 = 3*j. Calculate q(j).
18
Let k(i) = i**3 - 6*i**2 + 3*i. Let d be (44/(-20))/(17/(-85)). Suppose -d*g + 71 = 16. Calculate k(g).
-10
Suppose -4*g = 0, -q = 2*q + 4*g - 21. Let h be (1 - q) + (-4)/(8/2). Let f(s) = s + 7. Calculate f(h).
0
Let a(g) be the first derivative of g + g**2 - 2*g**4 + 57 + 1/3*g**3. Give a(-1).
8
Suppose -2*d + 20 = 2*u, -58*u + 57*u = 4*d - 25. Let a(g) = 2*g**2 - 5*g - 11. What is a(d)?
14
Let w(d) = -d**3 + d + 9. Suppose 20 - 45 = -5*a. Let g be (-3)/a*(-4 + -11). Suppose g*u + 2 = 4*u + 2*r, -2*u - 3 = -3*r. Give w(u).
9
Let o = 3327 + -3330. Let r(f) = 2*f**2 + 2*f - 4. Calculate r(o).
8
Let l(x) = -13*x**3 - 7*x**2 + 4*x + 6. Let b(q) = -3*q**3 + 3*q. Let t(k) = 4*b(k) - l(k). What is t(-5)?
4
Suppose 89*h - 90*h = -12. Suppose 0 = 2*f - h*f - 40. Let c(m) = -8*m**2 + m + 7. Let v(k) = 3*k**2 - 3. Let u(n) = f*c(n) - 11*v(n). What is u(-5)?
0
Suppose -3*r = -3*n + 6, 39*r - 42*r - 6 = n. Let l(f) = -6*f - 27. Give l(n).
-27
Let i(y) = -46*y - 325. Let g be (((-546)/(-9))/(-13))/(11/3 - 3). Give i(g).
-3
Let j(w) = w**2 - w - 1. Let f(p) = -11*p**2 - 3*p - 2. Suppose 0*k + 5*l = 2*k + 2, 2 = -2*k + 4*l. Let i(o) = k*f(o) + 2*j(o). Calculate i(1).
14
Let w(y) = 7*y**2 + 4*y + 4. Let q(n) = 11*n**2 + 6*n + 6. Let s = -44 - -49. Suppose 7 = -u - 1. Let x(g) = s*q(g) + u*w(g). Determine x(-2).
-2
Let o(b) = b**3 - 4*b**2 + 3. Let y(a) = -a**3 + 24*a**2 + 22*a + 84. Let m be y(25). Suppose 81 = m*j + 45. Give o(j).
3
Let g(a) = -a - 1. Let c(o) = -5*o - 7 - 3*o + 0*o. Let v be (407/33 - 17) + 12/(-9). Let m(d) = v*g(d) + c(d). What is m(1)?
-3
Let g = -1414 + 1412. Let a(m) = -m. Let j(r) = 12*r + 1. Let p(b) = 4*a(b) + j(b). Calculate p(g).
-15
Let m(p) = -57*p**3 + p**2 + p + 1. Let i = 283 + -284. What is m(i)?
58
Let m(o) be the third derivative of o**8/20160 - o**7/5040 + o**6/240 + 31*o**5/15 - 31*o**2. Let h(t) be the third derivative of m(t). What is h(-3)?
15
Let v(g) = 2*g + 7. Let x(l) = 17*l + 54. Let t(i) = 9*v(i) - x(i). Determine t(-18).
-9
Let k(s) be the second derivative of 2*s**3 - 167*s**2/2 + 6486*s. Determine k(16).
25
Let k(f) = -2*f**3 - 15*f**2 + 85*f - 2. Let m be k(5). Let w = -198 - m. Let h(g) be the third derivative of -g**4/24 - g**3/6 - g**2. What is h(w)?
-5
Let h(m) = m**3 + 13*m**2 + 9*m - 34. Let q be h(-12). Suppose 2*y = -q*l - 6, -3*l + 2*y = -2*y + 9. Let v(u) = -2*u - 4. What is v(l)?
2
Let t(k) = -15*k**3 - 11*k**3 + 2*k**2 + 18*k**3 + 2*k - 3 - 2*k**3. Give t(1).
-9
Let v(f) = -46*f + 1897. Let z be v(41). Let r(d) = -31*d + 333. What is r(z)?
-8
Suppose 3 = 2*v - 5. Let w = v - 2. Let u(k) = 99293 - 99293 - 3*k + 3*k**2. What is u(w)?
6
Suppose -1148 = -166*i - 318. Let b(h) = 16*h - 81. What is b(i)?
-1
Let o(f) = 10. Let c(b) = b - 32. Let w(m) = -3*c(m) - 10*o(m). Give w(-9).
23
Let w(g) = -12*g - 61. Let i(c) = c**3 - 7*c**2 + c + 25. Let x be i(6). Let s be w(x). Let v(q) = 33*q - 1. Calculate v(s).
-34
Let g be (-380)/(-171) + (-1)/((-18)/(-4)). Let o(k) = 6*k + 6*k + k - k**g - 18. Calculate o(12).
-6
Let g(y) = y**3 - 6*y - 1. Let x(t) = -t**3 + 5*t + 1. Let n(u) = -4*g(u) - 5*x(u). Let s(z) = -2*z**3 + z**2 + 2*z + 23. Let a(o) = 3*n(o) + s(o). Give a(0).
20
Let i(b) = 3*b**2 - 2. Let n(t) = -10*t**2 + 4*t + 1. Let l be n(3). Let x = l + 80. Calculate i(x).
25
Let s(b) = 13*b - 111. Let w(f) = 3*f + 2. Let q(i) = s(i) + 2*w(i). Let r be q(5). Let k(y) = -y - 3. Determine k(r).
9
Let x(b) = 42 - 9*b + 20*b - 27 - 25*b**2 + 22*b**2 + 31. Determine x(-3).
-14
Let s(z) be the second derivative of z**3/2 - 18*z**2 - 25*z + 36. Give s(11).
-3
Let m(n) = -4*n**2 + 4*n + 8. Let d(h) = h - 3. Let r(p) = 3*d(p) - m(p). Give r(4).
43
Let n(v) = 9*v + 2 - 128*v**3 - 18*v**2 - 9 + 129*v**3 - 3*v - 5*v. Give n(18).
11
Let a(u) = -31*u**3 - 1 + 9*u - 9043*u**2 - 7*u + 9046*u**2. Give a(-1).
31
Let r(s) = 2*s**3 - 2*s**2 + 2*s + 7. Let v be r(4). Suppose 3*y + 0*y - v = 0. Let n(h) = 36 + 0*h**2 + h - y - h**2. Calculate n(1).
-1
Let z(l) be the second derivative of l**5/20 - l**4/2 - 4*l**3/3 + 14*l**2 + 3946*l. Give z(6).
-20
Let i(g) be the second derivative of -g**5/20 + 5*g**4/12 - 4*g**3/3 + 15*g**2/2 + 2028*g. Calculate i(4).
-1
Let y(j) = j**2 + 20*j + 25. Let g be (20 - 1)*(-37 + (-792)/(-22)). Give y(g).
6
Let r(o) = -6*o**3 - 5*o**3 - 6 - 7*o**2 + 12*o**3 + 46*o - 40*o. Give r(5).
-26
Let f = 295 + -290. Let a be 244/28 + (-4)/(-14). Suppose -f*t + a = -8*t. Let o(l) = -2*l - 4. Determine o(t).
2
Let c be ((-11)/((-55)/(-18)))/((-1)/(-5)). Let b(u) = -8*u - 4. Let r(v) = 2*v + 1. Let l(z) = c*r(z) - 4*b(z). Calculate l(3).
-14
Let t(h) = -2*h**3 - h**2 - 3*h - 2. Suppose 0 = -5*v + 4*n - 5*n + 63, 8 = -4*n. Suppose 4*g - v = -3*f, 4*f + 0 - 1 = -3*g. Suppose g - 9 = q. What is t(q)?
16
Let k be (-4 + (-64)/(-24))*(-2 + 5). Let i(c) = c**2 + 6*c + 1. Let g(a) = -a**2 - 5*a - 2. Let p(h) = -3*g(h) - 2*i(h). What is p(k)?
8
Let y(t) = t**2 + 111*t + 1037. Let j be y(-10). Let w(d) = d**3 - 24*d**2 - 79*d - 49. Calculate w(j).
5
Let j(t) = -2*t**2 + 10*t. Let b = 851 - 809. Suppose -6*r = 12 - b. Calculate j(r).
0
Let d(b) = 2*b - 12093 - 12078 + 24174. Let c = 3 + 0. Calculate d(c).
9
Let s(d) = 4*d**3 - 2*d**2 + d - 4. Let o(z) = -2*z**2 + 3 + 21*z - 3*z**3 - 44*z + 22*z + 0*z**3 + 3*z**2. Let k(i) = 5*o(i) + 4*s(i). What is k(3)?
-4
Let x(m) = m**3 - 2*m**2 + 4*m - 5. Let y be 32/18 + (-260)/(-1170). Calculate x(y).
3
Suppose -4*m = 20, 19*m = 5*k + 16*m - 555. Let s be 340/425 + 1/((-10)/k). Let l(b) = b**3 + 10*b**2 - 5. What is l(s)?
-5
Let s(i) = 4*i**2 - 7*i + 4. Let y be s(2). Let c = 31 + -20. Let k(n) = -6 + 2 - c*n + 12*n. Determine k(y).
2
Let v(w) = 2*w**3 + 2*w**2 + w + 1. Let z(i) = 7*i**3 + 44*i**2 + 3*i + 36. Let g(c) = -4*v(c) + z(c). Determine g(36).
-4
Let m be 7299*(-3 + 4)*1. Let t(a) = a - m*a**2 + 5 + 7300*a**2 + 1. What is t(0)?
6
Let g(i) = 2*i**2 + 11*i - i**2 - 4*i. Let s be (-54)/63 - ((-165)/21 - 2). Suppose -2*v - 7 + s = 0, -4*v = -b - 10. What is g(b)?
-6
Let x(o) = -o**3 - 36*o**2 - 37*o - 69. Let i(n) = -n**3 + 89*n**2 + 95*n - 485. Let d be i(90). Determine x(d).
1
Let k(p) be the third derivative of -p**4/3 - 53*p**3/2 + p**2 - 142. Give k(-20).
1
Let i = -14 - -30. Suppose -14*c + 16*c = -i. Let j(y) = y**3 - 3*y**2 + 11*y**2 - y**2 + 0 + 9 - 8*y. Calculate j(c).
9
Suppose f - 2 = 11*z, 5*z + 2 = 6*f - 5*f. Let v(o) = -3*o**2 - 2*o - 52. What is v(z)?
-52
Let y = -24 - -28. Suppose 21 = 4*n + 9. Let r(v) = -2 + 5 - v**n + 0*v + 3*v**2 + y*v. Calculate r(4).
3
Let q = 56 + -53. Suppose -5*t = -2*h + 19, 5*h - q*t + 5 = 43. Suppose -h = 2*s - a, 3*s - a = -2*a - 8. Let g(i) = -i**3 - 2*i**2 + 2*i + 1. What is g(s)?
4
Let l(k) be the first derivative of -k**4/4 - k**3 + 2*k**2 + 18. Let c(d) = -d**2 + 12*d - 24. Let r be c(6). Let u = 8 - r. Give l(u).
0
Let l = 1974 + -1983. Let s(x) = -5 - 3*x - x**3 - 2*x - 4*x - 10*x**2. What is s(l)?
-5
Let t(l) be the second derivative of -l**5/20 + l**4/4 - l**3/3 + 2*l**2 + 5*l. Let i = -311 - -131. Let o = 183 + i. Determine t(o).
-2
Let z(l) = -l**3 - 5 + 0*l**3 + 3*l + 2. Let h(n) = -n**3 + 2*n**2 + 3*n + 2. Let o be h(-1). Suppose -o*q + 7*q = -20, 5*c - 4*q - 26 = 0. What is z(c)?
-5
Let q(z) = -z**2 - 2*z - 7. Suppose -3*s